 j be 480/50*h/(-6). Suppose 7*z - 3*z - j = 0. What is the units digit of z?
8
Suppose 4*j - 546 = 5*j - 2*x, 5*x + 15 = 0. What is the units digit of (-1)/4 - j/32?
7
Let i = 940 + -244. Suppose 4*c + 342 = 2*p, -2*p = 2*p - 5*c - i. What is the hundreds digit of p?
1
Let r(s) = -s**2 + 10*s + 18. Let j be r(-9). Let z = -86 - j. What is the tens digit of z?
6
Suppose 4*b = -2*m + 1420, -5*b + 4*m + 532 = -1230. Let q = b + -170. What is the units digit of q?
4
What is the tens digit of (-1474)/4*-8 - 0?
4
Let m = -67 + 65. Let z(d) = -40*d - 1. What is the tens digit of z(m)?
7
Let i be 0 - (2 + -1 + -17). Suppose 3*j - i = -5*a, 0*a + 2*j + 6 = 5*a. Suppose 3*m = 2*y + 25, 0 = -3*y - a*y - 10. What is the units digit of m?
7
Let a(j) = -3. Let k(b) = -4. Let o(l) = -5*a(l) + 4*k(l). Let t(c) = 4*c + 28. Let u(w) = -10*o(w) - t(w). What is the units digit of u(-20)?
2
Let o be (-7)/(-2) + (-5)/10. Let c(s) = -4*s - o*s**2 - s**3 - 6 + 0*s**3 + 13*s**2 - 5. What is the units digit of c(9)?
4
Suppose -41*s + 36*s = 0. Suppose -8*m + 492 + 524 = s. What is the hundreds digit of m?
1
Let c(m) = -76*m + 17. What is the hundreds digit of c(-6)?
4
What is the hundreds digit of ((-158)/(-5))/((-852)/(-210) - 4)?
5
Let f be 15/8 - (-6)/48. Let v(u) = 19*u**2 - 5*u + 2. What is the units digit of v(f)?
8
Let v = 63 - 42. Let k = 6 + v. What is the units digit of k?
7
Let a(s) = 8*s**3 + 7*s**2 + 33*s - 273. What is the units digit of a(7)?
5
Suppose -5*c + 3*c = -2*l - 22, -34 = 4*l - 2*c. Let d be 17/(-7) + l/(-14). What is the units digit of 178/6 + d/3?
9
Let d = 283 + -191. Suppose -f + 3*f = d. Let j = -22 + f. What is the units digit of j?
4
Let n(g) = -g - 9. Let l be n(-4). Let r(c) = -4*c**2 - 4*c + 9. Let u be r(l). Let j = -34 - u. What is the units digit of j?
7
Let q = -2178 + 1499. Suppose 0 = 2*x - 2*r + 7 + 45, -4*x = -2*r + 94. What is the units digit of q/x - 4/(-6)?
3
Suppose 4*b = 6*b - 1546. What is the units digit of b?
3
Let m be 82/(-4) + 2/4. Let l be 4/m - 39/5. What is the units digit of 2 + 4/l*-2?
3
Let a(f) = -f + 1. Let q be a(7). Let g(j) = -j - 4. Let v be g(q). Suppose -u = 5*t - 1 + v, 3*u + 4*t = 41. What is the units digit of u?
9
Let y = 353 - 131. What is the tens digit of y?
2
Suppose -4126 = -4*a + 10830. What is the units digit of a?
9
Suppose -1 = 3*n - 2*n - 2*f, -3*n = -f - 7. What is the tens digit of (1 + -3)/(n/414*-3)?
9
Let n(j) = j + 12. Let g be n(-18). What is the tens digit of (-1)/(4/18)*g?
2
Let x = -823 - -3598. What is the hundreds digit of x?
7
Let g(s) = -11*s - 5. What is the tens digit of g(-28)?
0
Suppose -2*q = -0*q - 5*o - 4181, 10400 = 5*q + 5*o. What is the hundreds digit of q?
0
Let k(g) = g**3 - 25*g**2 - 21*g - 22. What is the hundreds digit of k(27)?
8
What is the hundreds digit of (0 - 1)*29/((-174)/21384)?
5
Let s be 102/17*(0/(-3) - 2). Let r be 0 - (-5)/(10/(-232)). What is the tens digit of (1 + 2)*r/s?
2
Let h(k) = k**2 + 12*k + 16. Let g(z) = -z**3 + 9*z**2 + 14*z - 10. Let x be g(10). Let j be (0 - -2)/((-4)/x). What is the units digit of h(j)?
1
Let i(x) = -11*x**3 + 61*x**2 + 37*x - 44. Let p(w) = 5*w**3 - 30*w**2 - 19*w + 22. Let n(k) = 6*i(k) + 13*p(k). What is the tens digit of n(-23)?
6
Let r = 189 + -97. Suppose 4*x = -3*h - 181, 4*x - 7 = 3*h + 190. Let f = r + h. What is the units digit of f?
9
Suppose 3*n = 8*n - 15. Suppose n = r - 6. Suppose -w + 1 = -r. What is the tens digit of w?
1
Suppose -4*a + 2*w = 3*w - 1904, -w + 1427 = 3*a. What is the tens digit of a?
7
Suppose 4*v = -5*f - 1251, f = -3*v - v - 263. Let b = -111 - f. What is the tens digit of b?
3
Let i(p) = 2*p**3 + 42*p**2 - 20*p + 49. What is the tens digit of i(-21)?
6
Suppose -4*i + 0*v = -v - 67, -3*i + 39 = 3*v. Let w = -30 + i. Let b = w + 27. What is the tens digit of b?
1
Suppose 5*o = -o - 78. Let n be o/(-2) - 11/22. Suppose -2*b + n*b - 76 = 0. What is the tens digit of b?
1
Let d be 1/((-352)/(-118) - 3). Let x = 100 + d. What is the units digit of x?
1
Suppose 772 = 11*s - 911. Let u = s + -79. What is the units digit of u?
4
What is the thousands digit of 1334 + (-2)/2 + (-99)/(-33)?
1
Suppose -4*m = -b - 2*b + 7382, -3*b + 2*m + 7390 = 0. What is the tens digit of b?
6
Suppose -2*f - g = -1171, -4*g = 5*f - 2667 - 262. What is the hundreds digit of f?
5
Suppose -4*h = 4*r, h + 4*h + 30 = r. Suppose m - 1 = -3, -r*m = -j - 5. What is the units digit of (-3)/(-15) - 327/j?
2
Let u(t) = -6*t**3 - 11*t**2 + 8*t - 5. What is the tens digit of u(-9)?
0
Let j = -130 + 125. What is the hundreds digit of (-6)/j*6860/42?
1
Let j be (-2)/(2/(-3)) + -53. Let y(z) = 4*z**2 + 7*z - 5. Let a be y(4). Let s = a + j. What is the tens digit of s?
3
Let y = 12 + 5. Let s(o) = -o**3 + 16*o**2 + 17*o + 23. What is the tens digit of s(y)?
2
Let z = 229 - 392. What is the units digit of 12/(-16) - z/4?
0
Let n = -1798 + 3275. What is the hundreds digit of n?
4
Suppose -5*t + 5*l + 75 = 0, 3*t - 7*t - 5*l = -105. Let j = t + 140. What is the units digit of j?
0
Let q be (-3)/((-36)/8)*-9. Let j = q + -10. What is the units digit of 1 - (j - 20/5)?
1
What is the units digit of 130/52 - 14/(-4)?
6
Suppose 7*y + 874 = 6306. What is the tens digit of y?
7
Let x = 620 - 152. What is the hundreds digit of x?
4
Suppose x + 552 = 4*x. Let r be x/56 - 2/7. Suppose 20 = 7*u - r*u, -5*p - 2*u + 35 = 0. What is the units digit of p?
5
What is the units digit of 0 + ((-15896)/(-12))/(20/30)?
7
What is the hundreds digit of (-2676)/10*(1320/(-18))/11?
7
Suppose -3*j - 42 = -5*w, 10*w = 5*w - 2*j + 47. Suppose w*v = 309 + 447. What is the units digit of v?
4
Let c(h) = h**2 - h - 1. Let t(a) = 6*a**2 + 4*a - 18. Let j(f) = -2*c(f) + t(f). What is the hundreds digit of j(7)?
2
Let m be 42/4*2/3. Suppose 1 + m = 2*d. Suppose c - d = 2. What is the units digit of c?
6
Let x = 2279 + -1623. What is the tens digit of x?
5
Let x(z) = z**3 - 14*z**2 + 19*z - 12. Let r be 17 - (0 + 2) - 3. Let q be x(r). Let j = -38 - q. What is the tens digit of j?
3
Suppose 4*s + 32 = 3*h, -4*s + 10 = 30. Suppose 5*d = h*d + 65. What is the tens digit of d?
6
Suppose 0 = -o + 4, 0 = 4*j - 0*j + 2*o - 40. Suppose j*b = -0*b + 712. What is the units digit of b?
9
Let y(q) = -2 + q**2 + 3*q**3 + 4 + 0*q - 4*q**3 - 3*q. Let d be y(-3). Let o = d - 22. What is the tens digit of o?
2
Suppose 23*w - 61027 = 7168. What is the hundreds digit of w?
9
Let j = 86 - 79. Suppose -2*q - 3*f = -79, -j - 2 = -3*f. What is the units digit of q?
5
Suppose -2815 = 3*p - 8*p - 2*n, 0 = 3*p + 2*n - 1689. Suppose -9*k + 377 = -7*k - 3*v, 3*k - 4*v = p. What is the tens digit of k?
8
Let m = -1611 + 2674. What is the tens digit of m?
6
Let c(u) = 36*u - 5. Suppose 2*o + 5 = k, 3*k + 3*o = 2*o + 8. What is the units digit of c(k)?
3
Let a be (-120)/(-21) - (120/(-28) - -4). Suppose a*n - 929 - 907 = 0. What is the units digit of n?
6
Let l(t) = 170*t + 18. Let k be l(3). Suppose 13*m = 9*m + k. What is the hundreds digit of m?
1
Let a(d) = 3*d**2 + 34*d + 52. What is the thousands digit of a(30)?
3
Suppose 0 = 166*j - 179*j + 41067. What is the hundreds digit of j?
1
Let n = -171 + 560. What is the tens digit of n?
8
Let h = 1106 + -700. What is the tens digit of h?
0
What is the units digit of -1887*(-8)/(-6)*12/(-24)?
8
What is the hundreds digit of -3 - -3886 - -6*(-9)/(-18)?
8
Let m be 158/18 - (-4)/18. Let z(w) = 3 + 6*w + 11 - w**2 - 4*w + m*w. What is the units digit of z(12)?
2
Let z be (-926)/(-8) + 1/4. Let y = 246 + -124. Suppose -3*k + z = -5*v, 3*k + 2*v = -13 + y. What is the tens digit of k?
3
Suppose 4*c + 9 = -m - 9, -m + 12 = -2*c. What is the units digit of (5/(c/(-12)))/(28/98)?
2
Let f = 112 + -116. What is the tens digit of (17/3)/(f/(-156))?
2
Suppose 2*a + 3 = 17. Suppose 0 = a*b - 3*b - 8. Suppose 2*l - 70 = -b*w, l - 3*w = -0*l + 47. What is the units digit of l?
8
Let a = -29 - -8. Let i = 75 + a. What is the units digit of i?
4
Let y be (778/(-6))/((-2)/6). Suppose 5*n = 61 + y. Suppose -4*u = v - u - 51, 2*v = -3*u + n. What is the units digit of v?
9
Let j = 14 + -23. Let s = 27 - j. What is the tens digit of s?
3
Suppose -4*c + c = 111. Let n = c - -109. Suppose -5*q = -53 - n. What is the units digit of q?
5
Let i(d) = d + 11. Let y